{"id":3,"date":"2025-05-15T10:25:35","date_gmt":"2025-05-15T10:25:35","guid":{"rendered":"https:\/\/diamondpro.tr\/?page_id=3"},"modified":"2025-07-21T07:43:04","modified_gmt":"2025-07-21T07:43:04","slug":"privacy-policy","status":"publish","type":"page","link":"https:\/\/diamondpro.tr\/?page_id=3","title":{"rendered":"Gizlilik Politikam\u0131z"},"content":{"rendered":"<h3 id=\"wd-b3a58501\" class=\"wp-block-wd-title title\"><strong>Biz Kimiz<\/strong><\/h3><p id=\"wd-1aa01098\" class=\"wp-block-wd-paragraph\">Web sitemizin adresi: <a class=\"\" href=\"https:\/\/diamondpro.tr\">https:\/\/diamondpro.tr<\/a><\/p><div id=\"wd-3858476f\" class=\"wp-block-wd-divider wd-style-line\"><\/div><h3 id=\"wd-480a9173\" class=\"wp-block-wd-title title\"><strong>Yorumlar<\/strong><\/h3><p id=\"wd-c757e3aa\" class=\"wp-block-wd-paragraph\">Ziyaret\u00e7iler sitemize yorum b\u0131rakt\u0131\u011f\u0131nda, yorum formunda g\u00f6sterilen veriler ile birlikte, ziyaret\u00e7inin IP adresi ve taray\u0131c\u0131 kullan\u0131c\u0131 bilgisi spam tespitine yard\u0131mc\u0131 olmas\u0131 amac\u0131yla toplan\u0131r.<\/p><p id=\"wd-ecc36a26\" class=\"wp-block-wd-paragraph\">E-posta adresinizden olu\u015fturulan anonimle\u015ftirilmi\u015f bir dize (hash olarak da bilinir), Gravatar hizmetine, kullan\u0131p kullanmad\u0131\u011f\u0131n\u0131z\u0131 kontrol etmek amac\u0131yla iletilebilir. Gravatar hizmetinin gizlilik politikas\u0131na <a class=\"\" href=\"https:\/\/automattic.com\/privacy\/\">buradan ula\u015fabilirsiniz<\/a>. Yorumunuz onayland\u0131ktan sonra, profil foto\u011fraf\u0131n\u0131z yorum ba\u011flam\u0131nda halka a\u00e7\u0131k \u015fekilde g\u00f6r\u00fcnebilir.<\/p><div id=\"wd-b96583d4\" class=\"wp-block-wd-divider wd-style-line\"><\/div><h3 id=\"wd-26cc0dfc\" class=\"wp-block-wd-title title\"><strong>Medya<\/strong><\/h3><p id=\"wd-0abd3c86\" class=\"wp-block-wd-paragraph\">Web sitemize g\u00f6rsel y\u00fcklerseniz, konum bilgisi i\u00e7eren (EXIF GPS gibi) veriler bar\u0131nd\u0131ran g\u00f6rseller y\u00fcklemekten ka\u00e7\u0131nmal\u0131s\u0131n\u0131z. Ziyaret\u00e7iler, sitedeki g\u00f6rsellerden konum verilerini indirebilir ve \u00e7\u0131karabilir.<\/p><div id=\"wd-f9fcd560\" class=\"wp-block-wd-divider wd-style-line\"><\/div><h3 id=\"wd-23ea4989\" class=\"wp-block-wd-title title\"><strong>\u00c7erezler (Cookies)<\/strong><\/h3><p id=\"wd-9b988ea7\" class=\"wp-block-wd-paragraph\">Sitemize yorum b\u0131rak\u0131rsan\u0131z, ad\u0131n\u0131z, e-posta adresiniz ve web sitesi bilgilerinizin \u00e7erezlerde saklanmas\u0131n\u0131 tercih edebilirsiniz. Bu, ba\u015fka bir yorum b\u0131rakt\u0131\u011f\u0131n\u0131zda bilgilerinizi tekrar girmenize gerek kalmamas\u0131 i\u00e7in sa\u011flanan bir kolayl\u0131kt\u0131r. Bu \u00e7erezler bir y\u0131l s\u00fcreyle saklan\u0131r.<\/p><p id=\"wd-cd42ad07\" class=\"wp-block-wd-paragraph\">Giri\u015f sayfam\u0131z\u0131 ziyaret ederseniz, taray\u0131c\u0131n\u0131z\u0131n \u00e7erezleri kabul edip etmedi\u011fini belirlemek i\u00e7in ge\u00e7ici bir \u00e7erez ayarlan\u0131r. Bu \u00e7erez ki\u015fisel veri i\u00e7ermez ve taray\u0131c\u0131n\u0131z\u0131 kapatt\u0131\u011f\u0131n\u0131zda silinir.<\/p><p id=\"wd-b7b2d854\" class=\"wp-block-wd-paragraph\">Giri\u015f yapt\u0131\u011f\u0131n\u0131zda, oturum bilgileriniz ve ekran g\u00f6r\u00fcnt\u00fc tercihlerinizi saklamak i\u00e7in \u00e7e\u015fitli \u00e7erezler ayarlan\u0131r. Giri\u015f \u00e7erezleri iki g\u00fcn boyunca ge\u00e7erlidir, ekran tercih \u00e7erezleri ise bir y\u0131l boyunca saklan\u0131r. \u201cBeni Hat\u0131rla\u201d se\u00e7ene\u011fini i\u015faretlerseniz, oturumunuz iki hafta boyunca a\u00e7\u0131k kal\u0131r. Oturumdan \u00e7\u0131k\u0131\u015f yapt\u0131\u011f\u0131n\u0131zda, giri\u015f \u00e7erezleri silinir.<\/p><p id=\"wd-554a866d\" class=\"wp-block-wd-paragraph\">Bir yaz\u0131y\u0131 d\u00fczenler veya yay\u0131mlarsan\u0131z, taray\u0131c\u0131n\u0131za ek bir \u00e7erez kaydedilir. Bu \u00e7erez ki\u015fisel bilgi i\u00e7ermez, yaln\u0131zca d\u00fczenledi\u011finiz yaz\u0131n\u0131n kimli\u011fini belirtir ve 1 g\u00fcn sonra s\u00fcresi dolar.<\/p><div id=\"wd-71d63c45\" class=\"wp-block-wd-divider wd-style-line\"><\/div><h3 id=\"wd-f5f56cc0\" class=\"wp-block-wd-title title\"><strong>Di\u011fer Web Sitelerinden G\u00f6m\u00fcl\u00fc \u0130\u00e7erikler<\/strong><\/h3><p id=\"wd-30c16c42\" class=\"wp-block-wd-paragraph\">Bu sitedeki yaz\u0131lar, g\u00f6m\u00fcl\u00fc i\u00e7erikler (\u00f6rne\u011fin videolar, g\u00f6rseller, makaleler vb.) i\u00e7erebilir. Di\u011fer web sitelerinden g\u00f6m\u00fclen i\u00e7erikler, ziyaret\u00e7i ilgili web sitesini do\u011frudan ziyaret etmi\u015f gibi davran\u0131r.<\/p><p id=\"wd-5ac97079\" class=\"wp-block-wd-paragraph\">Bu web siteleri sizin hakk\u0131n\u0131zda veri toplayabilir, \u00e7erez kullanabilir, \u00fc\u00e7\u00fcnc\u00fc taraf takip ara\u00e7lar\u0131n\u0131 yerle\u015ftirebilir ve g\u00f6m\u00fcl\u00fc i\u00e7erikle olan etkile\u015fiminizi izleyebilir. Ayr\u0131ca bu i\u00e7erikle olan etkile\u015fiminiz, ilgili web sitesinde bir hesab\u0131n\u0131z varsa ve giri\u015f yapt\u0131ysan\u0131z da izlenebilir.<\/p><div id=\"wd-1d062ac3\" class=\"wp-block-wd-divider wd-style-line\"><\/div><h3 id=\"wd-99e40560\" class=\"wp-block-wd-title title\"><strong>Verilerinizi Kimlerle Payla\u015f\u0131yoruz<\/strong><\/h3><p id=\"wd-639ef71a\" class=\"wp-block-wd-paragraph\">\u015eifre s\u0131f\u0131rlama talebinde bulunursan\u0131z, IP adresiniz s\u0131f\u0131rlama e-postas\u0131na eklenecektir.<\/p><div id=\"wd-06b57052\" class=\"wp-block-wd-divider wd-style-line\"><\/div><h3 id=\"wd-c3fb2873\" class=\"wp-block-wd-title title\"><strong>Verilerinizi Ne Kadar S\u00fcreyle Sakl\u0131yoruz<\/strong><\/h3><p id=\"wd-cfb08e50\" class=\"wp-block-wd-paragraph\">Bir yorum b\u0131rak\u0131rsan\u0131z, yorum ve meta verileri s\u00fcresiz olarak saklan\u0131r. B\u00f6ylece takip eden yorumlar, onay s\u00fcrecine al\u0131nmadan otomatik olarak tan\u0131nabilir ve onaylanabilir.<\/p><p id=\"wd-655c445e\" class=\"wp-block-wd-paragraph\">Web sitemize kay\u0131t olan kullan\u0131c\u0131lar (varsa), kullan\u0131c\u0131 profillerinde verdikleri ki\u015fisel bilgileri de saklar\u0131z. T\u00fcm kullan\u0131c\u0131lar, ki\u015fisel bilgilerini istedikleri zaman g\u00f6rebilir, d\u00fczenleyebilir veya silebilir (kullan\u0131c\u0131 adlar\u0131n\u0131 de\u011fi\u015ftiremezler). Web sitesi y\u00f6neticileri de bu bilgileri g\u00f6rebilir ve d\u00fczenleyebilir.<\/p><div id=\"wd-1dbc26b4\" class=\"wp-block-wd-divider wd-style-line\"><\/div><h3 id=\"wd-a348dddb\" class=\"wp-block-wd-title title\"><strong>Verileriniz \u00dczerindeki Haklar\u0131n\u0131z<\/strong><\/h3><p id=\"wd-91426e9d\" class=\"wp-block-wd-paragraph\">Bu sitede bir hesab\u0131n\u0131z varsa veya yorum b\u0131rakt\u0131ysan\u0131z, sizinle ilgili tuttu\u011fumuz ki\u015fisel verilerin bir d\u0131\u015fa aktar\u0131m dosyas\u0131n\u0131 talep edebilirsiniz. Ayr\u0131ca elimizdeki t\u00fcm ki\u015fisel verilerin silinmesini de talep edebilirsiniz. Bu, idari, yasal ya da g\u00fcvenlik ama\u00e7lar\u0131yla saklamak zorunda oldu\u011fumuz veriler i\u00e7in ge\u00e7erli de\u011fildir.<\/p><div id=\"wd-a0e883e0\" class=\"wp-block-wd-divider wd-style-line\"><\/div><h3 id=\"wd-708dd8af\" class=\"wp-block-wd-title title\"><strong>Verileriniz Nereye G\u00f6nderilir<\/strong><\/h3><p id=\"wd-380dce0b\" class=\"wp-block-wd-paragraph\">Ziyaret\u00e7i yorumlar\u0131, otomatik bir spam alg\u0131lama hizmeti arac\u0131l\u0131\u011f\u0131yla kontrol edilebilir.<\/p>","protected":false},"excerpt":{"rendered":"","protected":false},"author":1,"featured_media":0,"parent":0,"menu_order":0,"comment_status":"closed","ping_status":"open","template":"","meta":{"footnotes":""},"class_list":["post-3","page","type-page","status-publish","hentry"],"_links":{"self":[{"href":"https:\/\/diamondpro.tr\/index.php?rest_route=\/wp\/v2\/pages\/3","targetHints":{"allow":["GET"]}}],"collection":[{"href":"https:\/\/diamondpro.tr\/index.php?rest_route=\/wp\/v2\/pages"}],"about":[{"href":"https:\/\/diamondpro.tr\/index.php?rest_route=\/wp\/v2\/types\/page"}],"author":[{"embeddable":true,"href":"https:\/\/diamondpro.tr\/index.php?rest_route=\/wp\/v2\/users\/1"}],"replies":[{"embeddable":true,"href":"https:\/\/diamondpro.tr\/index.php?rest_route=%2Fwp%2Fv2%2Fcomments&post=3"}],"version-history":[{"count":1,"href":"https:\/\/diamondpro.tr\/index.php?rest_route=\/wp\/v2\/pages\/3\/revisions"}],"predecessor-version":[{"id":34339,"href":"https:\/\/diamondpro.tr\/index.php?rest_route=\/wp\/v2\/pages\/3\/revisions\/34339"}],"wp:attachment":[{"href":"https:\/\/diamondpro.tr\/index.php?rest_route=%2Fwp%2Fv2%2Fmedia&parent=3"}],"curies":[{"name":"wp","href":"https:\/\/api.w.org\/{rel}","templated":true}]}}